c(a) = -a**3 - 8*a**2 - 5*a - 8. Let t be c(-6). Let g = -48 - t. Suppose -g*f + 8057 = 5*f. Is f a composite number?
False
Let d = -17 - -26. Let w(l) = 30*l**2 + 3*l - 16. Is w(d) prime?
True
Let c(r) = 401*r**2 + 20*r + 145. Is c(-26) prime?
True
Suppose -4*t = -5*t. Suppose -2*h - 3 = g, -4 + t = h. Suppose -g*w + 8*w = 5847. Is w prime?
True
Let u be 1 + (-1)/(2*(-3)/18). Suppose g = u*j - 38703, -5*j + 48400 = 4*g - g. Is j composite?
False
Let o(r) = 4*r + 90. Let u be o(-23). Let p(z) = z**2 - 4*z + 6. Let c be p(4). Is (u/c)/(24/(-6984)) a composite number?
False
Let o(a) = -168*a - 226. Let u be o(38). Let g = 16343 + u. Is g composite?
False
Is 2055582 + -34 + (-68)/(-4) a composite number?
True
Let m(p) = -207*p**3 + 6*p**2 + 13*p + 103. Let d be -2*(12/(-2) - -9). Is m(d) composite?
False
Let s = 85 - 97. Let t = 76 + s. Suppose t*c = 65*c - 1087. Is c composite?
False
Suppose 3*x - 2*x + 1 = 0. Let k be ((-2)/4)/(x/388). Let q = 271 - k. Is q prime?
False
Suppose 606869 = 4*o + l, 2*o + 4*l - 199212 = 104226. Is o composite?
False
Let j = -21124 + 10167. Let y = 20810 - j. Is y composite?
True
Suppose b - 30265 = -2*y, -4*y = -5*b + 10*b - 151325. Is b prime?
False
Let v(d) = 147*d - 198*d - 5 + 123*d. Let k = 11 - 8. Is v(k) composite?
False
Suppose -j = i - 5, 3*j + j = -3*i + 19. Suppose d - 13127 = 3564. Suppose 0 = 5*b - 25, -j*b + 5926 = -5*a + d. Is a prime?
False
Suppose 2*m + 20355 = 3*p, 3*p + 2*m - 12789 = 7578. Is p a prime number?
False
Let d be (-14)/(-6) + (-22)/(-33). Suppose 0 = d*y + 2*s - 3777, 6852 - 1816 = 4*y - 5*s. Is y a prime number?
True
Let c(t) = -t**2 + 2*t. Let x(k) = 20*k**2 + k - 4. Let a(n) = -4*c(n) + x(n). Suppose -9 = -q - 3. Is a(q) composite?
True
Let o(x) = -1870*x**3 + 1. Let w be o(-1). Let v = w - -6708. Is v a composite number?
True
Let b(q) = 376*q**3 + 9*q**2 - 257*q - 7. Is b(9) a prime number?
False
Let z(k) = 264*k**2 - 43*k + 696. Is z(13) a prime number?
True
Let l = -2247 + 106492. Is l a composite number?
True
Let h(c) = 541*c**3 + 3*c**2 - 2. Let z be h(1). Let d = -195 + z. Suppose 5*o + d = 962. Is o prime?
False
Is 2/(12/5265605) + 1153/6918 prime?
True
Let s be 50/14 - 56/98. Suppose 0 = -s*j + 8470 + 13511. Is j a prime number?
False
Let q(r) = -15*r + 17. Let o = 36 + -47. Let m be q(o). Let t = 300 - m. Is t prime?
False
Suppose 20826810 = -13*x + 76*x + 27*x. Is x prime?
True
Let j = -45 + 45. Suppose j = p + 5 - 9. Suppose 2*a + 2*a = -3*g + 925, 1223 = p*g - 5*a. Is g a prime number?
True
Let d be ((-8)/6)/(19/(-57)). Suppose 0 = -8*h + 13*h - 3*a - 20324, -d*h + a = -16255. Is h prime?
False
Let h(g) = -217717*g - 1194. Is h(-1) prime?
True
Suppose -11*h + 36*h + 5227447 = 152*h. Is h prime?
True
Let f = 55070 - 26263. Is f a composite number?
False
Let i = -35 + 39. Suppose 0 = -6*g + 3*g - i*c - 3, 2*g = c - 2. Is 1 - -326 - (g - -2) a composite number?
True
Let h = -182030 + 335044. Is h composite?
True
Suppose 29*u - 14*u - 42*u = -2704077. Is u a prime number?
True
Let y(n) = n**3 - 3*n + 519. Let a(v) = v - 4. Let l be a(4). Let o be y(l). Let q = 472 + o. Is q composite?
False
Is (-30401277)/(-497) - (-8)/(-14) a prime number?
True
Let v be (3*2/(-15))/(1/820). Is (-30 + -1)/(v/(-56) + -6) a composite number?
True
Let v(n) = n**2 - 7*n + 7. Let x be v(5). Let o = x + 3. Is 3718/13 + (o - -3) a composite number?
True
Let k = -45 - -50. Suppose -b - 4*z = -14981, -31303 = k*b - 5*z - 106133. Is b prime?
True
Let j = 660 + 6463. Is j a composite number?
True
Let n be (130/30)/(1 + (-167)/168). Suppose l = 2*u - 2797, 5*u + 5*l = n + 6242. Is u prime?
False
Suppose -4*t + r + 153 = -40, -143 = -3*t - r. Suppose 47*d + 1361 = t*d. Is d prime?
True
Let u(f) = 82*f**3 - 10*f**2 + 36*f - 170. Is u(7) a prime number?
False
Let t(s) = s + 1. Let p(f) = -2*f + 8. Let w(r) = p(r) + 3*t(r). Let d be w(-8). Suppose -3*j - d*j = -23178. Is j prime?
True
Let w(k) = -k**2 + 12*k + 8. Let q be w(12). Let o be (-2)/q - (-2104)/(-32). Let h = 99 + o. Is h a prime number?
False
Let y(k) = -k**3 + 9*k**2 - 5*k + 7. Let b be (-3)/2*(0 + 16/(-3)). Let f be 4*(-2)/b*-7 + 1. Is y(f) composite?
False
Let c(r) = -4*r**2 + 11 - 6*r**2 + 8 - 8 + 7*r. Let y be c(6). Let g = y + 644. Is g a prime number?
True
Suppose -4*a - 4*m = -1312, 2*m - 6*m = -8. Let p(h) = 4*h**2 - 14*h - 9. Let c be p(-18). Let w = c - a. Is w prime?
True
Let w(u) = u**3 + 11*u**2 - 14*u - 22. Let j be w(-12). Is (77 + j)*654/(8 + -2) a prime number?
False
Let m(z) = -3*z + 32. Suppose o = -0*o + 3*n - 29, 3*o + 2*n + 43 = 0. Is m(o) a composite number?
False
Is 26/221 + (-4)/(-12)*1124946/34 a prime number?
False
Let d = 683 - 456. Suppose 3*g + 481 = l, -739 = -2*l + 5*g + d. Is l prime?
False
Suppose 3*s - 1401037 = -2*f, -2*f + 377 = 367. Is s composite?
False
Let b be 35/(-5) - -11 - -2. Suppose -b*a - 7273 = -7*a. Is a a composite number?
True
Suppose -912307 = -5*o - y, 2*o = -794*y + 792*y + 364910. Is o a prime number?
False
Let a = -111 - -116. Is a*(7 - 5484/(-5)) composite?
False
Suppose 6*v + 36 = 10*v. Is (v/6)/((-12)/(-10768)) a prime number?
False
Let y = 70543 - -106072. Is y prime?
False
Let m(s) = 57*s**2 - 13*s + 1. Let z be (4 + -6 - -9) + -2. Is m(z) prime?
True
Let k = -1963 - -3623. Let p = 4071 + -18. Let d = p - k. Is d composite?
False
Let p(g) = 4134*g - 905. Is p(8) a composite number?
True
Suppose -6408 = -17*o + 16*o. Suppose 0 = -4*y + 5*b + o, 0 = -6*b + 9*b + 12. Is y a composite number?
False
Let m(c) = -39*c**2 + 10*c - 7. Let d(v) = -118*v**2 + 30*v - 20. Let g(r) = -2*d(r) + 7*m(r). Let y be g(5). Let w = y - -1281. Is w a prime number?
True
Let b(o) = 148*o**2 + 250*o + 95. Is b(14) composite?
False
Is (-2 - -2229316)*((-68)/(-306) + 5/18) composite?
False
Suppose 5*g - 27 = -47. Let q be 156 + g*(4 - 5). Suppose -6*i - q = -1102. Is i a composite number?
False
Suppose -3*z + 5196 = -25971. Suppose 2*i = -5*t + 10387, -4*t - z = -9*t - 4*i. Is t a composite number?
True
Let r(u) = 2*u**2 + 7*u - 4. Let l be r(3). Suppose 9*y = 14*y - l. Is (-16533)/(-21) + (-2)/y a prime number?
True
Let d = -10845 + 15734. Is d prime?
True
Suppose 2*t - 4*a - 821650 = 0, 6*t - 5*a = 3*t + 1232470. Is t a composite number?
True
Is (-6)/(-5)*(-85)/(-17) + 87817 a composite number?
True
Suppose -3*u + 231818 = -5*m, -16*m = u - 15*m - 77254. Is u composite?
False
Let j(m) = -7 + 31*m**2 + 3*m + 202*m**2 - 5*m. Is j(-2) prime?
True
Suppose -5*v + 3 = -2*w - 7, -w - 5 = 0. Suppose -3*o + 53 - 5 = v. Is 11928/o + -2 + (-3)/(-2) prime?
False
Suppose 4*q - 9*q + 3*p + 67202 = 0, 0 = -3*q - p + 40324. Is q prime?
True
Suppose 45 = -23*h + 20*h. Is (-335278)/(-265)*(h/2)/(-3) prime?
True
Is ((-98478)/72)/((-1)/28) a prime number?
False
Suppose 3*x - 27 = -3. Suppose 4*m - x*m + 20 = 0, 0 = g - 2*m + 5. Suppose 6 = -g*n - 9, 0 = -y - n + 1268. Is y composite?
True
Let n = 1156529 + -556170. Is n a composite number?
False
Suppose -6*w + 105909 + 413052 + 81165 = 0. Is w composite?
True
Suppose 12*z - 8*z - 289655 = -3*k, 5*k = -2*z + 482763. Is k composite?
False
Let m be (30/(-15) - -2)/(3 - 1). Let q be (-4 + 3)/((-1)/3). Suppose 3*x + q*x - 1758 = m. Is x a composite number?
False
Suppose -21*s = -18*s. Is (-6 + (s/(-6) - -3))*-4861 a composite number?
True
Let b(y) be the first derivative of 2*y**3/3 - 71*y**2/2 + 201*y + 159. Is b(46) prime?
False
Suppose -60 = -2*m + 3*h, 2*h + 42 = -4*m + 146. Suppose 148449 = m*d - 6*d. Is d composite?
False
Suppose 0 = 4*s - 5*o - 1205109, -2*s - 13*o + 11*o + 602532 = 0. Is s a composite number?
True
Suppose 2*k + 1076980 = 4*k + 8*k. Is k a composite number?
True
Let a(l) = -l**3 + 19*l**2 - 2*l + 25. Let z be a(19). Let q(f) = -58*f + 61. Is q(z) prime?
False
Suppose 17111 = -25*g + 1836. Let y = 910 + g. Is y composite?
True
Let p = 223 + 19638. Is p composite?
False
Suppose -6*j + 13*j - 455211 = -2*j. Is j prime?
False
Let a = 1354 + -320. Let y = -254 + 256. Suppose -2*p - g = 3*g - a, -y*p - 2*g + 1040 = 0. Is p prime?
True
Let v(p) = -3873*p + 76. Let h(n) = n**3 - 7*n**2 + 14*n - 53. Let s be h(6). Is v(s) composite?
False
Is (((-417449)/3)/19)/(((-28)/(-12))/(-7)) a prime number?
False
Let s(w) = w**2 + 158 - 155 + 3*w + 8*w. Let d be s(-10). Let y